{"id":60,"date":"2009-07-02T18:18:34","date_gmt":"2009-07-02T22:18:34","guid":{"rendered":"http:\/\/blogs.law.harvard.edu\/scref\/?page_id=60"},"modified":"2014-04-12T10:19:30","modified_gmt":"2014-04-12T14:19:30","slug":"reference-shelf","status":"publish","type":"page","link":"https:\/\/archive.blogs.harvard.edu\/scref\/reference-shelf\/","title":{"rendered":"Ref Shelf"},"content":{"rendered":"<h2>Aldis, H.G.\u00a0 Scotland<\/h2>\n<p>A List of Books Printed in Scotland Before 1700. 1904. [<a href=\"http:\/\/books.google.com\/books?id=YvMsAAAAYAAJ\">Google Books<\/a> | <a href=\"http:\/\/www.archive.org\/details\/listofbooksprint00aldirich\">Internet Archive<\/a>]<\/p>\n<h2><a name=\"brunet\"><\/a>Brunet<\/h2>\n<p>Manuel de libraire et de l&#8217;amaeur de livres. 1860-1865. Supplements, 1878-1880.<br \/>\nVolume 1 ( AA [1]- Chytraeus [1898]) \u00a0[<a href=\"http:\/\/books.google.com\/books?id=hAYvAAAAQAAJ\">Google Books<\/a>]<br \/>\nVolume 2 (Ciacconius [1] &#8211; Gyron [1842]) [<a href=\"http:\/\/gallica.bnf.fr\/ark:\/12148\/bpt6k2093486.langEN\">Gallica<\/a>]<br \/>\nVolume 3 (Haag [1] &#8211; Myvyrian [1982]) [<a href=\"http:\/\/www.archive.org\/stream\/manueldulibrair26brungoog\">Internet Archive<\/a>]<br \/>\nVolume 4 (Naasafe [1] &#8211; Rzaczynski [1476]) [<a href=\"http:\/\/www.archive.org\/stream\/manueldulibrair24brungoog\">Internet Archive<\/a> ]<br \/>\nVolume 5 (Sa [1] &#8211; Zyl [1546], etc.) [<a href=\"http:\/\/www.archive.org\/stream\/manueldulibrair35brungoog\">Internet Archive<\/a>]<br \/>\nVolume 6 (Table Methodique) [<a href=\"http:\/\/books.google.com\/books?id=oCMNAAAAYAAJ\">Google Books<\/a>, <a href=\"http:\/\/books.google.com\/books?id=6RAIAAAAQAAJ\">another<\/a>, <a href=\"http:\/\/books.google.com\/books?id=uw8IAAAAQAAJ\">another<\/a>]<br \/>\nSupplement, A-M [<a href=\"http:\/\/gallica.bnf.fr\/ark:\/12148\/bpt6k2093528.langEN\">Gallica<\/a>]<br \/>\nSupplement, N-Z\u00a0 [<a href=\"http:\/\/gallica.bnf.fr\/ark:\/12148\/bpt6k209353n.langEN\">Gallica<\/a>]<\/p>\n<h2><a name=\"caillet\"><\/a>Caillet , A.L.\u00a0 Sciences psychiques<\/h2>\n<p>Manuel bibliographique des Sciences Psychiques ou Occultes. Paris: Dorbon, 1912-13.<br \/>\nv.I (1912), A (1) &#8211; D (3494). [<a href=\"http:\/\/www.archive.org\/stream\/manuelbibliograp01cailuoft\">Internet Archive<\/a> | <a href=\"http:\/\/gallica.bnf.fr\/ark:\/12148\/bpt6k117189t.langEN\">Gallica<\/a>]<br \/>\nv.II (1913), E (3495) &#8211; L (6898). [<a href=\"http:\/\/www.archive.org\/stream\/manuelbibliograp02cailuoft\">Internet Archive<\/a> | <a href=\"http:\/\/gallica.bnf.fr\/ark:\/12148\/bpt6k117190r.langEN\">Gallica<\/a>]<br \/>\nv.III (1913), M (6899) &#8211; Z (11609), + Addition &amp; Corrections (11648) [<a href=\"http:\/\/gallica.bnf.fr\/ark:\/12148\/bpt6k1171914.langEN\">Gallica<\/a>]<\/p>\n<h2>Cox, E.G. Travel<\/h2>\n<p>A Reference Guide to the Literature of Travel. Edward G. Cox.\u00a0 Seattle: U of Washington, 1935-49.<br \/>\nvol.1 (1935), The Old World [<a href=\"http:\/\/www.archive.org\/details\/referenceguideto030515mbp\">Internet Archive<\/a>]<\/p>\n<h2>Darlow &amp; Moule<\/h2>\n<p>Historical Catalogue of the Printed Editions of Holy Scripture in the Library of the British and Foreign Bible Society. Darlow, T.H. and H.F. Moule. London, 1903.<br \/>\nvol.1 &#8211; English [<a href=\"http:\/\/books.google.com\/books?id=G6ItAAAAMAAJ\">Google Books<\/a>, <a href=\"http:\/\/books.google.com\/books?id=iAYXAAAAIAAJ\">another<\/a>, <a href=\"http:\/\/books.google.com\/books?id=VK-QD-elORUC\">another<\/a>]<br \/>\nvol.2, part 1 &#8211; Polyglot and other [<a href=\"http:\/\/hdl.handle.net\/2027\/mdp.39015035128589\">Hathi Trust<\/a>]<\/p>\n<h2>ESTC<\/h2>\n<p>English Short Title Catalogue, 1473-1800.<br \/>\n<a href=\"http:\/\/estc.bl.uk\/\">http:\/\/estc.bl.uk\/<\/a><\/p>\n<h2>Evans<\/h2>\n<p>American Bibliography. Chicago: Blakely Press, 1903-59.<br \/>\nv.1 (1903), <span style=\"color: #000000\">1639 (1) &#8211; 1729 (3244) <\/span>[<a href=\"http:\/\/www.archive.org\/details\/americanbibliogr01evanrich\">Internet Archive<\/a>]<br \/>\nv.2 (1904), 1730 (3245) &#8211; 1750 (6623) [<a href=\"http:\/\/www.archive.org\/details\/americanbibliogr02evanrich\">Internet Archive<\/a>]<br \/>\nv.3 (1905), 1751 (6624) &#8211; 1764 (9890) [<a href=\"http:\/\/www.archive.org\/details\/americanbibliogr03evanrich\">Internet Archive<\/a>]<br \/>\nv.4 (1907), 1765 (9891) &#8211; 1773 (13091) [<a href=\"http:\/\/www.archive.org\/details\/americanbibliogr04evanrich\">Internet Archive<\/a>]<br \/>\nv.5 (1909), 1774 (13092) &#8211; 1778 (16176) [<a href=\"http:\/\/www.archive.org\/details\/americanbibliogr05evanrich\">Internet Archive<\/a>]<br \/>\nv.6 (1910), 1779 (16177) &#8211; 1785 (19448) [<a href=\"http:\/\/www.archive.org\/details\/americanbibliogr06evanrich\">Internet Archive<\/a>]<br \/>\nv.7 (1912), 1786 (19449) &#8211; 1789 (22297) [<a href=\"http:\/\/www.archive.org\/details\/americanbibliogr07evanrich\">Internet Archive<\/a>]<br \/>\nv.8 (1914), 1790 (22298) &#8211; 1792 (25074) [<a href=\"http:\/\/www.archive.org\/details\/americanbibliogr08evanrich\">Internet Archive<\/a>]<\/p>\n<h2><a name=\"tresor\"><\/a>Graesse. Tr\u00e9sor.<\/h2>\n<p>Jean George Th\u00e9odore Graesse. Tr\u00e9sor de livres rares et pr\u00e9cieux: ou, Nouveau dictionnaire bibliographique &#8230; 1859 ff. 7 vols.<br \/>\n[<a href=\"http:\/\/www.ilab.org\/eng\/documentation\/109-bibliographies_-_graesse_tresor_de_livres_rares.html\" target=\"_blank\">All volumes through ILAB<\/a>]<\/p>\n<h2>Grolier.\u00a0 100 Engl. books<\/h2>\n<p>One Hundred Books Famous in English Literature. Grolier Club, 1902. [<a href=\"http:\/\/pds.lib.harvard.edu\/pds\/view\/12454776\">Harvard<\/a> | <a href=\"http:\/\/www.archive.org\/details\/onehundredbooksf00grolrich\">Internet Archive<\/a>]<br \/>\nBibliographical Notes on One Hundred Books Famous in English Literature. Grolier Club, 1903. [<a href=\"http:\/\/books.google.com\/books?id=E2sjXzOtysoC\">Google Books<\/a> | <a href=\"http:\/\/www.archive.org\/details\/bibliographicaln00grolrich\">Internet Archive<\/a>]<\/p>\n<h2>Grolier.\u00a0 Langland to Wither<\/h2>\n<p>Catalogue of Original and Early Editions of Some of the Poetical and Prose Works of English Writers from Langland to Wither. Grolier Club, 1893. [<a href=\"http:\/\/catalog.hathitrust.org\/Record\/001169071\">Hathi Trust<\/a>\u00a0| <a href=\"http:\/\/books.google.com\/books?id=dsMiAAAAMAAJ\">Google Books<\/a>]<\/p>\n<h2>Grolier.\u00a0 Wither to Prior<\/h2>\n<p>Catalogue of Original and Early Editions of Some of the Poetical and Prose Works of English Writers from Wither to Prior. Grolier Club, 1905. [<a href=\"http:\/\/catalog.hathitrust.org\/Record\/001169072\">Hathi Trust<\/a>]<br \/>\nVolume 1. (Aleyn [1] &#8211; D&#8217;Urfey [341])\u00a0 [<a href=\"http:\/\/books.google.com\/books?id=d8QiAAAAMAAJ\">Google Books<\/a>, <a href=\"http:\/\/books.google.com\/books?id=69w4AAAAIAAJ\">another<\/a> | <a href=\"http:\/\/www.archive.org\/details\/catalogueoforigi01grol\">Internet Archive<\/a>]<br \/>\nVolume 2. (Edwards [342] &#8211; Proteleia [690]) [<a href=\"http:\/\/www.archive.org\/details\/catalogueoforigi02grol\">Internet Archive<\/a>]<br \/>\nVolume 3. (Quarles [691] &#8211; Wycherley [1086]; additions; indexes ) [<a href=\"http:\/\/books.google.com\/books?id=u8MiAAAAMAAJ\">Google Books<\/a> | <a href=\"http:\/\/www.archive.org\/details\/catalogueoforigi03grol\">Internet Archive<\/a>]<\/p>\n<h2>GW<\/h2>\n<p>Gesamtkatalog der Wiegendrucke<br \/>\n<a href=\"http:\/\/www.gesamtkatalogderwiegendrucke.de\">http:\/\/www.gesamtkatalogderwiegendrucke.de<\/a><\/p>\n<h2>Hain<\/h2>\n<p>Repertorium bibliographicum. 1826-1838.<br \/>\nVolume 1, A-G (Hain 1 &#8212; Hain 8340) [<a href=\"http:\/\/books.google.com\/books?id=IAUCAAAAQAAJ\">Google Books<\/a> | <a href=\"http:\/\/www.archive.org\/details\/repertoriumbibl01haingoog\">Internet Archive<\/a> (=)]<br \/>\nVolume 2, H-Z (Hain 8341 &#8211; Hain 16299) [<a href=\"http:\/\/books.google.com\/books?id=jAUCAAAAQAAJ\">Google Books<\/a> | <a href=\"http:\/\/www.archive.org\/details\/repertoriumbibl00haingoog\">Internet Archive<\/a> (=)]<\/p>\n<h2><a name=\"houzeau\"><\/a>Houzeau &amp; Lancaster<\/h2>\n<p>Bibliographie g\u00e9n\u00e9rale de l&#8217;astronomie. J.C. Houzeau and A. Lancaster.\u00a0 Bruxelles, 1887-<br \/>\nvol.1, part.1, 1887 (1 &#8211; 5915). [<a href=\"http:\/\/books.google.com\/books?id=HbRYAAAAMAAJ\">Google Books<\/a> | <a href=\"http:\/\/www.archive.org\/details\/bibliographieg00houzuoft\">Internet Archive<\/a>]<br \/>\nvol.1, part.2, 1889.(5916 &#8211; 15880) [<a href=\"http:\/\/books.google.com\/books?id=KoAEAAAAYAAJ\">Google Books<\/a>]<br \/>\nvol.2, suppl. [<a href=\"http:\/\/hdl.handle.net\/2027\/mdp.39015038793009\" target=\"_blank\">HathiTrust<\/a>]<\/p>\n<h2>ISTC<\/h2>\n<p>Incunabula Short Title Catalogue<br \/>\n<a href=\"http:\/\/www.bl.uk\/catalogues\/istc\/\">http:\/\/www.bl.uk\/catalogues\/istc\/<\/a><br \/>\n<a name=\"lalande\"><\/a><\/p>\n<h2>Lalande<\/h2>\n<p>Bibliographie astronomique : avec l\u2019histoire de l\u2019astronomie depuis 1781 jusqu\u2019\u00e0 1802. de Lalande, Jerome.\u00a0Paris: 1803. [ <a href=\"http:\/\/hdl.handle.net\/2027\/mdp.39015077759069\" target=\"_blank\">HathiTrust<\/a> ; <a href=\"http:\/\/books.google.com\/books?id=7fDPAAAAMAAJ\" target=\"_blank\">GoogleBooks<\/a> (= HT) ; <a href=\"https:\/\/archive.org\/details\/bibliographieast00lala\" target=\"_blank\">InternetArchive<\/a> ]<\/p>\n<h2>Lowndes<\/h2>\n<p>Bibliographer&#8217;s Manual of English Literature.\u00a0 New Ed., rev, corr. enl. by Henry G. Bohn. London: Bell, 1857-84.<\/p>\n<p>Part I (1857). A (1) &#8211; Bre (268) [<a href=\"http:\/\/books.google.com\/books?id=9okIAAAAQAAJ\">Google Books<\/a>]<br \/>\nPart II (1858). A (1) &#8211; C (576) [ <a href=\"http:\/\/books.google.com\/books?id=dz0RAAAAIAAJ\">Google Books<\/a>]<br \/>\nPart III (1858).\u00a0 D (577) &#8211; F (850). [<a href=\"http:\/\/books.google.com\/books?id=rlcXAAAAYAAJ\">Google Books<\/a>]<br \/>\nPart IV (1859). G (851) &#8211; H (1155). [<a href=\"http:\/\/books.google.com\/books?id=T1cXAAAAYAAJ\">Google Books<\/a>]<br \/>\nPart V (1860). I (1157) &#8211; L (1427). [<a href=\"http:\/\/books.google.com\/books?id=HFcXAAAAYAAJ\">Google Books<\/a>]<br \/>\nPart VI (1861). M (1429) &#8211; O (1756) [<a href=\"http:\/\/books.google.com\/books?id=klcXAAAAYAAJ\">Google Books<\/a>]<br \/>\nPart VIII (1863). Rej (2069) &#8211; Sim (2400) [<a href=\"http:\/\/books.google.com\/books?id=2UIQAAAAYAAJ\">Google Books<\/a>]<br \/>\nPart X (1865). V (2747) &#8211; Z (3027) [<a href=\"http:\/\/books.google.com\/books?id=80c6AAAAMAAJ\">Google Books<\/a>]<\/p>\n<p>Volume I (1869). A (1) &#8211; C (576) [<a href=\"http:\/\/www.archive.org\/details\/bibliographersma01lown\">Internet Archive<\/a>]<br \/>\nVolume II (1869). D (577) &#8211;\u00a0 H (1155) [<a href=\"http:\/\/www.archive.org\/details\/bibliographersma02lown\">Internet Archive<\/a>]<br \/>\nVolume III (1869). I (1157) &#8211; O (1756) [<a href=\"http:\/\/www.archive.org\/details\/bibliographersma03lown\">Internet Archive<\/a>]<br \/>\nVolume IV (1869). P (1757) &#8211; Sim (2400) [<a href=\"http:\/\/www.archive.org\/details\/bibliographersma04lown\">Internet Archive<\/a>]<br \/>\nVolume V (1869). Sim (2401) &#8211; Z (2037) [<a href=\"http:\/\/www.archive.org\/details\/bibliographersma05lown\">Internet Archive<\/a>]<\/p>\n<p>Part X (1871). T (2565) &#8211; Z (3027) + Index [<a href=\"http:\/\/books.google.com\/books?id=VKAsAAAAYAAJ\">Google Books<\/a>]<br \/>\nPart VIII (1890). P (1757) &#8211; Sim (2400) [<a href=\"http:\/\/books.google.com\/books?id=VN0bAAAAIAAJ\">Google Books<\/a>]<\/p>\n<h2><a name=\"madan\"><\/a>Madan<\/h2>\n<p>Oxford Books. 1895-1931.<br \/>\nVolume 1.\u00a0 The early Oxford press, 1468-1640. (1895) [<a href=\"http:\/\/www.archive.org\/stream\/oxfordbooksabib00madagoog\">Internet Archive<\/a>]<br \/>\nVolume 2. Oxford literature, 1450-1640, and 1641-1650 (1912) [<a href=\"http:\/\/www.archive.org\/stream\/oxfordbooksbibli00madauoft\">Internet Archive<\/a>]<br \/>\nVolume 3. Oxford literature, 1651-1680. (1931) [<a href=\"http:\/\/www.archive.org\/stream\/oxfordbooksbibli03madauoft\">Internet Archive<\/a>]<\/p>\n<h2><a name=\"sabin\"><\/a>Sabin<\/h2>\n<p>Bibliotheca Americana. A dictionary of books relating to America, from its discovery to the present time. Joseph Sabin, Wilberforce Eames, R.W.G. Vail. New York, 1868-1936.<\/p>\n<p>Volume I (1868), A [1] &#8211; Bedford [4280] [<a href=\"http:\/\/www.archive.org\/details\/dictionaryofbook01sabi\">Internet Archive<\/a>]<br \/>\nVolume II (1869), Bedinger [4282] &#8211; Brownell [8684] [<a href=\"http:\/\/www.archive.org\/details\/dictionaryofbook02sabi\">Internet Archive<\/a>]<br \/>\nVolume III (1870), Brownell [8685] &#8211; Chesbrough [12513] [<a href=\"http:\/\/www.archive.org\/details\/dictionaryofbook03sabi\">Internet Archive<\/a>]<br \/>\nVolume IV (1871), Chesire [12516] &#8211; Costa [17013] [<a href=\"http:\/\/www.archive.org\/details\/dictionaryofbook04sabi\">Internet Archive<\/a>]<br \/>\nVolume V (1873), Costa [17015] &#8211; Du Moulin [21221] [<a href=\"http:\/\/www.archive.org\/details\/dictionaryofbook05sabi\">Internet Archive<\/a>]<br \/>\nVolume VI (1873), Du Moulin [21222] &#8211; Franklin [25489] [<a href=\"http:\/\/www.archive.org\/details\/dictionaryofbook06sabi\">Internet Archive<\/a>]<br \/>\nVolume VII (1875), Franklin [25490] &#8211; Hall [29818] [<a href=\"http:\/\/www.archive.org\/details\/dictionaryofbook07sabi\">Internet Archive<\/a>]<br \/>\nVolume VIII (1877), Hall [29820] &#8211; Huntingdon [33970] [<a href=\"http:\/\/www.archive.org\/details\/dictionaryofbook08sabi\">Internet Archive<\/a>]<br \/>\nVolume IX (1877), Huntington [33971] &#8211; LaCroix [38495] [<a href=\"http:\/\/www.archive.org\/details\/dictionaryofbook09sabi\">Internet Archive<\/a>]<br \/>\nVolume X (1878), LaCroix [38497] &#8211; M&#8217;Clary [43005] [<a href=\"http:\/\/www.archive.org\/details\/dictionaryofbook10sabi\">Internet Archive<\/a>]<br \/>\nVolume XI (1879), McClean [43006] &#8211; M\u00e9moire [47520] [<a href=\"http:\/\/www.archive.org\/details\/dictionaryofbook11sabi\">Internet Archive<\/a>]<br \/>\nVolume XII (1880), M\u00e9moire [47524] &#8211; Nederland [52224] [<a href=\"http:\/\/www.archive.org\/details\/dictionaryofbook12sabi\">Internet Archive<\/a>]<br \/>\nVolume XIII (1881), Nederland [52225] &#8211; Omai [57263] [<a href=\"http:\/\/www.archive.org\/details\/dictionaryofbook13sabi\">Internet Archive<\/a>]<br \/>\nVolume XIV (1884), Oma\u00f1a [57265] &#8211; Philadelphia [61980] [<a href=\"http:\/\/www.archive.org\/details\/dictionaryofbook14sabi\">Internet Archive<\/a>]<br \/>\nVolume XV (1885), Philadelphia [61982] &#8211; Providence [66280] [<a href=\"http:\/\/www.archive.org\/details\/dictionaryofbook15sabi\">Internet Archive<\/a>]<br \/>\nVolume XVI (1886), Providence [66281] &#8211; Remarks [69511] [<a href=\"http:\/\/www.archive.org\/details\/dictionaryofbook16sabi\">Internet Archive<\/a>]<br \/>\nVolume XVII (1888), Remarks [69513] &#8211; Ross [73344] [<a href=\"http:\/\/www.archive.org\/details\/dictionaryofbook17sabi\">Internet Archive<\/a>]<br \/>\nVolume XVIII (1889), Ross [73345] &#8211; Schedae [77522] [<a href=\"http:\/\/www.archive.org\/details\/dictionaryofbook18sabi\">Internet Archive<\/a>]<br \/>\nVolume XIX (1891), Schedel [77523]- Simms [81225] [<a href=\"http:\/\/www.archive.org\/details\/dictionaryofbook19sabi\">Internet Archive<\/a>]<br \/>\nVolume XX (1892 &#8211; 1928), Simms (W.G.) [81226] &#8211; Smith (Seba) [84187] [<a href=\"http:\/\/www.archive.org\/details\/dictionaryofbook20sabi\">Internet Archive<\/a>]<br \/>\n<strong> <\/strong>Volume XXI (1929-31), Smith (Seb. B.) [84188] &#8211; Solis Y Valenzuela [86498] [<a href=\"http:\/\/www.archive.org\/details\/dictionaryofbook21sabi\" target=\"_blank\">Internet Archive<\/a>]<br \/>\nVolume XXII (1931-32), Solis Y Valenzuela [86499] &#8211; Spiritual Manifestations [89519] [<a href=\"http:\/\/www.archive.org\/details\/dictionaryofbook22sabi\">Internet Archive<\/a>]<br \/>\nVolume XXIII (1932-33), Spiritual Maxims [89520] &#8211; Storrs [92256] [<a href=\"http:\/\/www.archive.org\/details\/dictionaryofbook23sabi\">Internet Archive<\/a>]<br \/>\nVolume XXIV (1933-34), Storrs [92257] &#8211; Ternaux-Compans [94853] [<a href=\"http:\/\/www.archive.org\/details\/dictionaryofbook24sabi\">Internet Archive<\/a>]<br \/>\nVolume XXV (1934), Ternaux-Compans [94854] &#8211; Tucker [97361] [<a href=\"http:\/\/www.archive.org\/details\/dictionaryofbook25sabi\">Internet Archive<\/a>]<br \/>\nVolume XXVI (1935), Tucker [97362] &#8211; Vindex [99774] [<a href=\"http:\/\/www.archive.org\/details\/dictionaryofbook26sabi\">Internet Archive<\/a>]<br \/>\nVolume XXVII \u00a0(1936), Vindex [99775] &#8211; Weeks [102461] [<a href=\"http:\/\/www.archive.org\/details\/dictionaryofbook27sabi\">Internet Archive<\/a>]<br \/>\nVolume XXVIII (1936), Weeks [102462] &#8211; Witherspoon [104937] [<a href=\"http:\/\/www.archive.org\/details\/dictionaryofbook28sabi\">Internet Archive<\/a>]<br \/>\nVolume XXIX (1936), Witherspoon [104938] &#8211; Zwey [106413] [<a href=\"http:\/\/www.archive.org\/details\/dictionaryofbook29sabi\">Internet Archive<\/a>]<\/p>\n<h2>Stationers Company Registers<\/h2>\n<p>Transcript of the Registers of the Company of Stationers of London, 1554-1640. Edward Arber. 1875-1894.\u00a0 5 vols. [<a href=\"http:\/\/cliobeta.cul.columbia.edu:7018\/vwebv\/holdingsInfo?bibId=6177070\">Columbia<\/a>]<br \/>\nVolume 1. 1554 (1st account) &#8211; August 1596 (40th year). 1875. [<a href=\"http:\/\/www.archive.org\/details\/transcriptofregi01statuoft\">Internet Archive<\/a> ; <a href=\"http:\/\/www.columbia.edu\/cu\/lweb\/digital\/collections\/cul\/texts\/ldpd_6177070_001\/index.html\">Columbia<\/a>]<br \/>\nVolume 2. Entries, 1571-1595. 1875. [<a href=\"http:\/\/www.columbia.edu\/cu\/lweb\/digital\/collections\/cul\/texts\/ldpd_6177070_002\/index.html\">Columbia<\/a>]<br \/>\nVolume 3. 1595-1620. 1876. [<a href=\"http:\/\/www.columbia.edu\/cu\/lweb\/digital\/collections\/cul\/texts\/ldpd_6177070_003\/index.html\">Columbia<\/a>]<br \/>\nVolume 4. 1620-1640. 1877. [<a href=\"http:\/\/www.columbia.edu\/cu\/lweb\/digital\/collections\/cul\/texts\/ldpd_6177070_004\/index.html\">Columbia<\/a>]<br \/>\nVolume 5. Index. 1894. [<a href=\"http:\/\/www.columbia.edu\/cu\/lweb\/digital\/collections\/cul\/texts\/ldpd_6177070_005\/index.html\">Columbia<\/a>]<\/p>\n<h3>Other Catalogues Online<\/h3>\n<p><a href=\"http:\/\/www.utm.edu\/vlibrary\/15ercatalogs.shtml\">Incunabula Catalogues online<\/a> (on Google Books, Internet Archive, and elsewhere)<\/p>\n","protected":false},"excerpt":{"rendered":"<p>Aldis, H.G.\u00a0 Scotland A List of Books Printed in Scotland Before 1700. 1904. [Google Books | Internet Archive] Brunet Manuel de libraire et de l&#8217;amaeur de livres. 1860-1865. Supplements, 1878-1880. Volume 1 ( AA [1]- Chytraeus [1898]) \u00a0[Google Books] Volume 2 (Ciacconius [1] &#8211; Gyron [1842]) [Gallica] Volume 3 (Haag [1] &#8211; Myvyrian [1982]) [Internet [&hellip;]<\/p>\n","protected":false},"author":2032,"featured_media":0,"parent":0,"menu_order":0,"comment_status":"open","ping_status":"open","template":"","meta":{"footnotes":""},"class_list":["post-60","page","type-page","status-publish","hentry"],"jetpack_sharing_enabled":true,"_links":{"self":[{"href":"https:\/\/archive.blogs.harvard.edu\/scref\/wp-json\/wp\/v2\/pages\/60","targetHints":{"allow":["GET"]}}],"collection":[{"href":"https:\/\/archive.blogs.harvard.edu\/scref\/wp-json\/wp\/v2\/pages"}],"about":[{"href":"https:\/\/archive.blogs.harvard.edu\/scref\/wp-json\/wp\/v2\/types\/page"}],"author":[{"embeddable":true,"href":"https:\/\/archive.blogs.harvard.edu\/scref\/wp-json\/wp\/v2\/users\/2032"}],"replies":[{"embeddable":true,"href":"https:\/\/archive.blogs.harvard.edu\/scref\/wp-json\/wp\/v2\/comments?post=60"}],"version-history":[{"count":73,"href":"https:\/\/archive.blogs.harvard.edu\/scref\/wp-json\/wp\/v2\/pages\/60\/revisions"}],"predecessor-version":[{"id":97,"href":"https:\/\/archive.blogs.harvard.edu\/scref\/wp-json\/wp\/v2\/pages\/60\/revisions\/97"}],"wp:attachment":[{"href":"https:\/\/archive.blogs.harvard.edu\/scref\/wp-json\/wp\/v2\/media?parent=60"}],"curies":[{"name":"wp","href":"https:\/\/api.w.org\/{rel}","templated":true}]}}