{"id":270,"date":"2006-06-13T10:40:14","date_gmt":"2006-06-13T14:40:14","guid":{"rendered":"http:\/\/blogs.law.harvard.edu\/munichletters\/letter-from-munich-102\/"},"modified":"2006-06-13T10:40:14","modified_gmt":"2006-06-13T14:40:14","slug":"letter-from-munich-102","status":"publish","type":"page","link":"https:\/\/archive.blogs.harvard.edu\/munichletters\/letter-from-munich-102\/","title":{"rendered":"Letter from Munich &#8211; 102"},"content":{"rendered":"<p>Letter from Munich &#8211; the Joseph Affair \u2013 102<\/p>\n<p>EINE DEUTSCHE FASSUNG STEHT WEITER UNTEN.<\/p>\n<p>http:\/\/www.joseph_affair.blogspot.com <\/p>\n<p>20 December 2002 <\/p>\n<p>Dear Mr. Graf, dear friends,<\/p>\n<p>My friend continued reading to us from Daniel Steiner\u2019s sworn statement of 10 July 2000:<\/p>\n<p>\u201cI\u2019m scared to say anything publicly. I know that the extreme right-wing people \u2013 people like a man called Pilz, who\u2019s already been in prison, and Dirk Rentsch of Finkenbergstrasse in Sebnitz \u2013 these people would not hesitate to kill me or my family, and they have close ties to the right wing in the western part of Germany.<\/p>\n<p>\u201cI\u2019ve gotten threats from Herr Pesch that I\u2019d be killed if I make a statement. They don\u2019t think anything of murdering somebody. Herr Pesch is really big, very strong, about two meters (or about six feet) tall, and violent.<\/p>\n<p>\u201cI know there are a lot of right-wing extremists among the police and that even the police will pass on to the right-wing the things that you tell them. So I\u2019m even afraid of making a statement to the police.<\/p>\n<p>\u201cWhen I was with Mr. Lehmbruck, the lawyer, in his office, I said I saw Joseph being held really roughly by Maik Hauke. Before that, Maik Hauke hit Joseph several times in the face; Sandro Richter pulled Joseph\u2019s neck back, hard.<\/p>\n<p>\u201cI saw Ute Schneider take a small bottle from her jacket, and pour something from it into a paper cup with an herbal drink in it.<\/p>\n<p>\u201cShe\u2019d gotten this cup, with the drink, at Thalheim\u2019s kiosk before that, from the old man Thalheim. I saw her mix what was in the bottle with the drink in the cup and pour it into Joseph\u2019s mouth. Some of the liquid ran down the side of Joseph\u2019s mouth.<\/p>\n<p>\u201cI said (in the lawyer\u2019s office) that I also saw Maik Hauke get a stun gun from Romy Kunte and use it on Joseph, on the lower right side of his stomach, after Ute Schneider had given him the drink. As far as I can remember, I saw the stun gun used only once.<\/p>\n<p>\u201cMaik Hauke was wearing a flight jacket and paratrooper boots. Sandro Richter was wearing paratrooper boots and a bathing suit. I didn\u2019t say that so clearly in the sworn statement I made before.\u201d<\/p>\n<p>Sincerely yours,<\/p>\n<p>Robert John Bennett<\/p>\n<p>&#8212;&#8212;&#8212;&#8212;&#8212;&#8212;&#8212;&#8212;&#8212;&#8212;&#8212;&#8212;&#8212;&#8212;&#8212;&#8212;&#8211;<\/p>\n<p>Since many recipients of this letter may read German more easily than they read English, the following is the author\u2019s translation of the above letter. Please note that word-processing programs outside of German-speaking countries may not display all of the letters of the German alphabet correctly.<\/p>\n<p>Alle Briefe aus M\u00fcnchen sind abrufbar: http:\/\/www.joseph_affair.blogspot.com <\/p>\n<p>M\u00fcnchen, den 20. Dezember 2002<\/p>\n<p>Sehr geehrter Herr Graf, sehr geehrte Freunde,<\/p>\n<p>mein Freund fuhr fort, Daniel Steiners eidesstattliche Versicherung von 10.07.00 vorzulesen:<\/p>\n<p>\u201eIch habe Todesangst, \u00f6ffentlich auszusagen, ich wei\u00df, dass die extrem Rechten, wie zum Beispiel Pilz, Mahler \u2013 mehrmals bestraft, er sa\u00df schon im Gef\u00e4ngnis aus Neustadt, Dirk Rentsch, Finkenbergstr. in 01855 Sebnitz, vor der Ermordung meiner Person und auch meiner Familie nicht zur\u00fcckschrecken und dass sie enge Beziehungen zu den Rechten zum Westen haben.<\/p>\n<p>Ich habe Drohungen von Herrn Pesch erhalten, falls ich aussage, dass ich ermordet werde. Die schrecken nicht vor Mord zur\u00fcck. Herr Pesch ist riesig gro\u00df, sehr stark, ein ungef\u00e4hr 2 Meter Mann und gewaltt\u00e4tig.<\/p>\n<p>Ich wei\u00df, dass unter den Polizisten viele Rechte sind und auch Polizisten, die Dinge, die man ihnen erz\u00e4hlt an die Rechten weitergeben. Ich habe daher auch Angst bei der Polizei auszusagen.<\/p>\n<p>Ich habe in Gegenwart der Anwesenden Herrn RA Lehmbruck erz\u00e4hlt, dass ich gesehen habe, wie Joseph von Maik Hauke mit grober Gewalt festgehalten wurde, Maik Hauke hat Joseph zuvor \u00f6fters ins Gesicht geschlagen, Sandro Richter zog Joseph am Nacken hart hinten.<\/p>\n<p>Ich habe gesehen, wie Ute Schneider eine kleine Flasche aus ihrer Jacke holte, und den Inhalt dieser Flasche in de Pappbecher mit Waldmeister sch\u00fcttete.<\/p>\n<p>Dieser Becher mit Waldmeister hatte sie sich zuvor bei Thalheim\u2019s von den \u00e4lteren Thalheim\u2019s geholt. Ich habe gesehen, wie Ute Schneider den Inhalt aus dem kleinen Fl\u00e4schchen mit dem Waldmeister vermischte und Ute Schneider, wie ich schon in meiner Aussage erz\u00e4hlte, Joseph das Getr\u00e4nk einfl\u00f6\u00dfte. Etwas von der Fl\u00fcssigkeit floss Joseph an seinem Mundwinkel vorbei.<\/p>\n<p>Ich habe erz\u00e4hlt, dass ich zus\u00e4tzlich noch gesehen habe, dass Maik Hauke von Ronny Kunte einen Elektroschocker bekam und dass Maik Hauke Joseph, nachdem Ute Schneider Joseph das Getr\u00e4nk gegeben hatte, einen Elektroschock in den rechten Unterbauch gab. Ich habe gesehen, soweit ich mich erinnere, dass der Elektroschocker nur einmal angesetzt wurde.<\/p>\n<p>Maik Hauke trug w\u00e4hrend des Vorgangs eine B-Jacke und Springerstiefel. Sandro Richter trug Springerstiefel und eine Badehose. Das habe ich so genau in meiner Eidesstattlichen Aussage vorher nicht erz\u00e4hlt\u201c.<\/p>\n<p>Mit freundlichen Gr\u00fc\u00dfen<\/p>\n<p>Robert John Bennett<\/p>\n","protected":false},"excerpt":{"rendered":"<p>Letter from Munich &#8211; the Joseph Affair \u2013 102 EINE DEUTSCHE FASSUNG STEHT WEITER UNTEN. http:\/\/www.joseph_affair.blogspot.com 20 December 2002 Dear Mr. Graf, dear friends, My friend continued reading to us from Daniel Steiner\u2019s sworn statement of 10 July 2000: \u201cI\u2019m scared to say anything publicly. I know that the extreme right-wing people \u2013 people like [&hellip;]<\/p>\n","protected":false},"author":167,"featured_media":0,"parent":0,"menu_order":0,"comment_status":"closed","ping_status":"closed","template":"","meta":{"footnotes":""},"class_list":["post-270","page","type-page","status-publish","hentry"],"_links":{"self":[{"href":"https:\/\/archive.blogs.harvard.edu\/munichletters\/wp-json\/wp\/v2\/pages\/270","targetHints":{"allow":["GET"]}}],"collection":[{"href":"https:\/\/archive.blogs.harvard.edu\/munichletters\/wp-json\/wp\/v2\/pages"}],"about":[{"href":"https:\/\/archive.blogs.harvard.edu\/munichletters\/wp-json\/wp\/v2\/types\/page"}],"author":[{"embeddable":true,"href":"https:\/\/archive.blogs.harvard.edu\/munichletters\/wp-json\/wp\/v2\/users\/167"}],"replies":[{"embeddable":true,"href":"https:\/\/archive.blogs.harvard.edu\/munichletters\/wp-json\/wp\/v2\/comments?post=270"}],"version-history":[{"count":0,"href":"https:\/\/archive.blogs.harvard.edu\/munichletters\/wp-json\/wp\/v2\/pages\/270\/revisions"}],"wp:attachment":[{"href":"https:\/\/archive.blogs.harvard.edu\/munichletters\/wp-json\/wp\/v2\/media?parent=270"}],"curies":[{"name":"wp","href":"https:\/\/api.w.org\/{rel}","templated":true}]}}