{"id":262,"date":"2006-06-12T09:16:07","date_gmt":"2006-06-12T13:16:07","guid":{"rendered":"http:\/\/blogs.law.harvard.edu\/munichletters\/letter-from-munich-095\/"},"modified":"2006-06-12T09:16:07","modified_gmt":"2006-06-12T13:16:07","slug":"letter-from-munich-095","status":"publish","type":"page","link":"https:\/\/archive.blogs.harvard.edu\/munichletters\/letter-from-munich-095\/","title":{"rendered":"Letter from Munich &#8211; 095"},"content":{"rendered":"<p><strong>Letter from Munich &#8211; the Joseph Affair \u2013 95<\/strong><\/p>\n<p>EINE DEUTSCHE FASSUNG STEHT WEITER UNTEN.<\/p>\n<p>http:\/\/www.joseph_affair.blogspot.com (It may take a few minutes to load this page, depending on internet connection speed.)<\/p>\n<p>1 November 2002 <\/p>\n<p>Dear Mr. Graf, dear friends,<\/p>\n<p>Last week Jean-Paul read out the following sentence from young Daniel Steiner\u2019s sworn statement of 13 February 2000: \u201cJoseph got out of the water, went back to his towel and dried himself off. Joseph walked quickly and, I believe, didn\u2019t think anything of it.\u201d<\/p>\n<p>This week Jean-Paul continued reading the sworn statement to us: \u201cThen Sandro Richter and Maik Hauke came over to where Joseph was sitting. They took hold of his arm roughly and dragged him over to Thalheim\u2019s kiosk. Joseph was crying loudly. The heavy-set attendant with the short, dark hair saw all this clearly. She just looked and then turned away. She was standing outside of the control room. Maik Hauke and Sandro Richter spoke to Joseph and said something like, \u2018Now we\u2019ve got you.\u2019 Joseph was bawling loudly and tried to defend himself. That day there were about twenty or thirty older members of the right wing there, between twenty and thirty years old. They were standing at the side of Thalheim\u2019s kiosk, when Maik Hauke and Sandro Richter dragged Joseph there. Ute Schneider was standing next to the kiosk, she\u2019s the daughter of Schneider the pharmacist. Ronny Kunte, Kai Bleschke, and Rene Gro\u00dfmann were with her. As Joseph was being dragged to the kiosk by Maik Hauke and Sandro Richter, Ute Schneider went to the counter there and bought a cup of a herbal drink. I was lying at the corner where the baby pool is, by Thalheim\u2019s kiosk, and I could see everything from there. I saw Ute Schneider poor something from a small, dark, glass container into the cup. She swirled the cup around to mix everything. Joseph was crying loudly, but the older Thalheim couple weren\u2019t concerned about that.<\/p>\n<p>The heavy-set attendant saw that too, but did nothing. Maik Hauke was holding Joseph tight. Sandro Richter held Joseph\u2019s mouth open and bent his head back. Ute Schneider poured the liquid into his mouth. A little of it ran down his mouth. Right there in front of Thalheim\u2019s, while Ute Schneider was pouring the liquid into Joseph\u2019s mouth, Sandro Richter was swearing at Joseph and saying, \u2018You shit-foreigner, we\u2019re going to kill you now\u2019. Ute Schneider laughed at that. Then they let go of Joseph and he staggered around badly, in the direction of the shallow pool. He held onto the handle of the water faucet and went on crying. He was wobbling, but he didn\u2019t say anything. When he was holding onto the handle rod, he was already muddled in the head. His eyes were half-closed, and he was feeble, hanging on to the handle rod. It was just before the time when the fountain at the pool was turned on. It took about two minutes until Joseph was gone, so the stuff worked very fast.<\/p>\n<p>Then Sandro Richter and Maik Hauke came back. They took him away from the water faucet \u2013 Joseph was still feebly hanging on to the handle rod. Maik Hauke took the upper part of Joseph\u2019s body under his arm. Sandro Richter was holding him too. Sandro Richter put a towel over him so nobody could see. Joseph wasn\u2019t kicking any more. I think he was already gone.\u201d<\/p>\n<p>\u201cBut I have to again ask,\u201d I said, \u201cif it\u2019s possible for something like that to really happen in a country governed by the rule of law, like Germany, without those responsible being arrested.\u201d<\/p>\n<p>\u201cThere is more than one Germany,\u201d Jean-Paul replied, somewhat sadly, it seemed to me.<\/p>\n<p>Sincerely yours,<\/p>\n<p>Robert John Bennett<\/p>\n<p>&#8212;&#8212;&#8212;&#8212;&#8212;&#8212;&#8212;&#8212;&#8212;&#8212;&#8212;&#8212;&#8212;&#8212;&#8212;&#8212;&#8212;&#8212;&#8212;&#8212;&#8212;&#8212;&#8212;&#8212;&#8212;&#8212; <\/p>\n<p>Since many recipients of this letter may read German more easily than they read English, the following is the author\u2019s own translation of the above letter. Please note that word-processing programs outside of German-speaking countries may not display all of the letters of the German alphabet correctly.<\/p>\n<p>Bitte vergessen Sie nicht, dass der Autor dieses Briefes Autodidakt ist, was die deutsche Sprache betrifft, und er wei\u00df, dass, wenn es um eine \u00dcbersetzung aus der deutschen Sprache ins Englische geht, viele Fehler hervortreten m\u00fcssen. Er hofft aber, man werde diese Fehler \u00fcbersehen, um hinter den Fehlern das sehen zu k\u00f6nnen, was in diesem Schreiben und in dieser Aff\u00e4re von zentraler Bedeutung ist.<\/p>\n<p>Alle Briefe aus M\u00fcnchen sind abrufbar:<\/p>\n<p>http:\/\/www.joseph_affair.blogspot.com (Es k\u00f6nnte eine Weile dauern, diese Seite zu laden; es kommt auf die Schnelligkeit der Internet-Verbindung an.)<\/p>\n<p>M\u00fcnchen, den 1. November 2002<\/p>\n<p>Sehr geehrter Herr Graf, sehr geehrte Freunde,<\/p>\n<p>Letzte Woche hat Jean Paul den folgenden Satz aus der Eidesstaatlichen Versicherung von Daniel Steiner, dem kleinen Jungen, vom 13.02.2000 vorgelesen: \u201eJoseph ist schnell gelaufen, dachte sich, glaube ich, nichts dabei.\u201c<\/p>\n<p>Diese Woche fuhr Jean-Paul fort die Eidesstaatliche Versicherung vorzulesen: \u201eDann kam Sandro Richter und Maik Hauke zu Josephs Lagerplatz, wo Joseph sa\u00df. Sie packten ihn hart am Arm und schleppten ihn zu Thalheims. Joseph weinte laut. Die dicke Aufpasserin mit den kurzen, dunklen Haaren hat diesen Vorgang ganz genau gesehen, sie guckte nur und drehte sich weg. Sie stand drau\u00dfen am Kontrollraum. Maik Hauke und Sandro Richter sagten zu Joseph etwas in der Richtung: \u201aJetzt haben wir dich\u2019. Joseph hat laut geheult und sich gewehrt. An diesem Tag waren ungef\u00e4hr 20 bis 30 \u00e4ltere Rechte da, von ungef\u00e4hr 20 bis 30 Jahren. Sie standen an der Seite zu Thalheims hin, wo Maik Hauke und Sandro Richter Joseph zu Thalheims schleppten. Bei Thalheims stand Ute Schneider, die Tochter vom Apotheker Schneider, Ronny Kunte, Kai Bleschke, und Rene Gro\u00dfmann. Als Joseph durch Maik Hauke und Sandro Richter hingeschleppt bei Thalheims ankam, ging Ute Schneider zur Theke von Thalheims und kaufte ein Becher Waldmeister. Ich lag gleich um die Ecke, wo das Babybecken ist, bei Thalheims und konnte von dort aus alles beobachten. Ich sah wie Ute Schneider etwas aus einem kleinen dunklen Glasbeh\u00e4lter in den Becher Waldmeister sch\u00fcttete. Sie bewegte den Becher hin un her um es zu vermischen. Joseph weinte laut, aber die \u00e4lteren Thalheims haben sich darum nicht gek\u00fcmmert.<\/p>\n<p>Die dicke Aufpasserin hat das auch gesehen, hat aber nichts gemacht. Maik Hauke hielt Joseph fest, Sandro Richter hielt Joseph den Mund auf und bog ihm den Kopf nach hinten, Ute Schneider go\u00df ihm die Fl\u00fcssigkeit in den Mund. Ein bisschen von der Waldmeister lief an seinem Mund runter. Vor Thalheims, w\u00e4hrend Ute Schneider Joseph die Fl\u00fcssigkeit in den Mund go\u00df, beschimpfte Sandro Richter Joseph mit den Worten: \u201aDu schie\u00df Ausl\u00e4nder, jetzt bringen wir dich um\u2019. Ute Schneider lachte dabei. Dann haben sie losgelassen und Joseph tief torkelnd herum in Richtung flaches Becken, hielt sich dort am Stiel des Wasserhahns fest und weinte immer noch. Er eierte herum, er sagte aber nichts. Als er sich an der Stange festhielt, war er schon benebelt, er hatte die Augen schon halb zu und hing schlapp an der Stange. Es war vor dem Einschalten des Sprudels. Es hat ungef\u00e4hr nur zwei Minuten gedauert bis Joseph schon so weg war, das Zeug wirkte also sehr schnell.<\/p>\n<p>Dann kam Sandro Richter und Maik Hauke zur\u00fcck. Sie nahmen ihn von der Stange weg. Joseph hing schlapp an der Stange. Maik Hauke nahm seinen Oberk\u00f6rper unter seinen Arm, Sandro Richter hat ihn mit so eingeengt. Sandro Richter tat ein Handtuch \u00fcber ihn, dass man ihn nicht so sieht. Joseph hat nicht mehr gestrampelt, meiner Meinung war er schon weg.\u201c<\/p>\n<p>\u201eAber noch einmal muss ich fragen\u201c, sagte ich, \u201eob es m\u00f6glich ist, dass so etwas in einem Rechtstaat wie Deutschland wirklich passieren k\u00f6nnte, ohne die T\u00e4ter verhaften zu werden\u201c.<\/p>\n<p>\u201eEs gibt mehr als ein einziges Deutschland\u201c, erwiderte Jean-Paul, etwas traurig, so scheint es mir.<\/p>\n<p>Fortsetzung folgt.<\/p>\n<p>Mit freundlichen Gr\u00fc\u00dfen<\/p>\n<p>Robert John Bennett<\/p>\n","protected":false},"excerpt":{"rendered":"<p>Letter from Munich &#8211; the Joseph Affair \u2013 95 EINE DEUTSCHE FASSUNG STEHT WEITER UNTEN. http:\/\/www.joseph_affair.blogspot.com (It may take a few minutes to load this page, depending on internet connection speed.) 1 November 2002 Dear Mr. Graf, dear friends, Last week Jean-Paul read out the following sentence from young Daniel Steiner\u2019s sworn statement of 13 [&hellip;]<\/p>\n","protected":false},"author":167,"featured_media":0,"parent":0,"menu_order":0,"comment_status":"closed","ping_status":"closed","template":"","meta":{"footnotes":""},"class_list":["post-262","page","type-page","status-publish","hentry"],"_links":{"self":[{"href":"https:\/\/archive.blogs.harvard.edu\/munichletters\/wp-json\/wp\/v2\/pages\/262","targetHints":{"allow":["GET"]}}],"collection":[{"href":"https:\/\/archive.blogs.harvard.edu\/munichletters\/wp-json\/wp\/v2\/pages"}],"about":[{"href":"https:\/\/archive.blogs.harvard.edu\/munichletters\/wp-json\/wp\/v2\/types\/page"}],"author":[{"embeddable":true,"href":"https:\/\/archive.blogs.harvard.edu\/munichletters\/wp-json\/wp\/v2\/users\/167"}],"replies":[{"embeddable":true,"href":"https:\/\/archive.blogs.harvard.edu\/munichletters\/wp-json\/wp\/v2\/comments?post=262"}],"version-history":[{"count":0,"href":"https:\/\/archive.blogs.harvard.edu\/munichletters\/wp-json\/wp\/v2\/pages\/262\/revisions"}],"wp:attachment":[{"href":"https:\/\/archive.blogs.harvard.edu\/munichletters\/wp-json\/wp\/v2\/media?parent=262"}],"curies":[{"name":"wp","href":"https:\/\/api.w.org\/{rel}","templated":true}]}}