{"id":231,"date":"2006-06-07T04:10:15","date_gmt":"2006-06-07T08:10:15","guid":{"rendered":"http:\/\/blogs.law.harvard.edu\/munichletters\/letter-from-munich-066\/"},"modified":"2006-06-07T04:10:15","modified_gmt":"2006-06-07T08:10:15","slug":"letter-from-munich-066","status":"publish","type":"page","link":"https:\/\/archive.blogs.harvard.edu\/munichletters\/letter-from-munich-066\/","title":{"rendered":"Letter from Munich &#8211; 066"},"content":{"rendered":"<p><strong>Letter from Munich &#8211; the Joseph Affair &#8211; 66<\/strong><\/p>\n<p>EINE DEUTSCHE FASSUNG STEHT WEITER UNTEN.<\/p>\n<p>12 April 2002 <\/p>\n<p>Dear Mr. Graf, dear friends,<\/p>\n<p>This week Francesca began to read out another transcript of an interrogation of Rene May by the Dresden police, a transcript that she had also received from Joseph\u2019s parents, the Kantelberg-Abdullahs. According to the transcript, the interrogation was conducted by the Dresden Police on 29 November 2000, in the apartment where the Rene May lives. It begins with the words, \u201cI am still aware of what I was told at my first interrogation (about being under oath). My father Hanspeter May was present at (this) interrogation.\u201d<\/p>\n<p>Question: What do you want to add to what you said at your first interrogation?<\/p>\n<p>Answer: First, I remember the name of the boy who was also at the pool and who was taken upstairs by the Abdullahs. He\u2019s called Steve Mechling, and he lives on Finkenbergstrasse. I showed officer Hartmann the house he lives in. About a year ago I was in the Abdullahs\u2019 pharmacy. I was alone there. I went into the pharmacy and Herr Abdullah came out from the back room. I asked him, if I could have some candy, and he gave me two or three bonbons. The man said to me, \u201cYou\u2019ll get a large reward when everything is over.\u201d Then Frau Abdullah also came to the front of the shop and when she was there, Herr Abdullah said to me that I would get DM 2000. I didn\u2019t say anything, because other people came into the pharmacy. I left the pharmacy.<\/p>\n<p>Question: Was that the only time that Herr Abdullah said that to you or was it the first time?<\/p>\n<p>Answer: No, Herr Abdullah said that to me before, and he said it repeatedly, About two or three times. But I can remember everything about that one time in particular.<\/p>\n<p>Question: Do you know other people who were told the same thing?<\/p>\n<p>Answer: Yes, he said it to David Schlaeger and Annette Lossburg. They told me.<\/p>\n<p>Question: Can you make a mark on the sketch of the pool area to show where you were lying?<\/p>\n<p>Answer: Yes, I can. I\u2019m marking the place with \u201cx 1\u201d and making the sketch a part of this interrogation.<\/p>\n<p>Question: Why didn\u2019t you say anything about the reward in your first interrogation?<\/p>\n<p>Answer: I was kind of excited and I forgot. I can\u2019t say anything more right now.<\/p>\n<p>\u201cThen the record states that the interrogation was completed at 2:35 p.m.,\u201d said Francesca. \u201cBelow that are the signatures of Rene May, his father, and the officer who was responsible for conducting the investigation.\u201d<\/p>\n<p>Then she added, \u201cEven if the boy was paid, as he said, I still think that he was telling the truth about Joseph\u2019s death at the first interrogation before the judge in Dresden, and not in the later interrogation by the police. Whether or not the parents made a gross error in judgment and actually did pay him, the truth is still the truth.\u201d<\/p>\n<p>Sincerely yours,<\/p>\n<p>Robert John Bennett<\/p>\n<p>Mauerkircherstrasse 68<\/p>\n<p>81925 Germany<\/p>\n<p>Telephone: +49.89.981.0208<\/p>\n<p>E-Mail: rjbennett@post.harvard.edu<\/p>\n<p>E-Mail Saad and Renate Kantelberg-Abdulla: majoskantelberg@t-online.de<\/p>\n<p>&#8212;&#8212;&#8212;&#8212;&#8212;&#8212;&#8212;&#8212;&#8212;&#8212;&#8212;&#8212;&#8212;&#8212;&#8212;&#8212;&#8212;&#8212;&#8212;&#8212;&#8212;&#8212;&#8212;&#8212;&#8212;&#8212;-<br \/>Since many recipients of this letter may read German more easily than they read English, the following is the author\u2019s own translation of the above letter. Please note that word-processing programs outside of German-speaking countries may not display all of the letters of the German alphabet correctly.<\/p>\n<p>Bitte vergessen Sie nicht, dass der Autor dieses Briefes Autodidakt ist, was die deutsche Sprache betrifft, und er wei\u00df, dass, wenn es um eine \u00dcbersetzung aus der deutschen Sprache ins Englische geht, viele Fehler hervortreten m\u00fcssen. Er hofft aber, man werde diese Fehler \u00fcbersehen, um hinter den Fehlern das sehen zu k\u00f6nnen, was in diesem Schreiben und in dieser Aff\u00e4re von zentraler Bedeutung ist.<\/p>\n<p>M\u00fcnchen, den 12. April 2002<\/p>\n<p>Sehr geehrter Herr Graf, sehr geehrte Freunde,<\/p>\n<p>diese Woche begann Francesca noch ein Protokoll einer Zeugenvernehmung von Rene May vorzulesen, ein Protokoll, das sie auch von Josephs Eltern, Dr. und Frau Dr. Kantelberg-Abdullah bekommen hatte. Diese Vernehmung, steht es darin, wurde vom Polizeipr\u00e4sidium Dresden gef\u00fchrt, am 29.11.2000 in der Wohnung des Zeugen. Es beginnt mit den Worten, \u201eMir ist aus meiner ersten Vernehmung die Belehrung noch in Erinnerung. Mein Vater Hanspeter May nimmt an der Vernehmung teil.\u201c<\/p>\n<p>Frage: Was m\u00f6chtest Du Deiner 1. Vernehmung noch hinzuf\u00fcgen?<\/p>\n<p>Antwort: Zuerst ist mir der Name des Jungen eingefallen, der auch im Bad war und durch die Abdullas die Treppe hochgezogen wurde. Er hei\u00dft Steve Mechling und wohnt auf der Finkenbergstra\u00dfe. Ich habe der Beamtin Hartmann gezeigt in welchem Haus er wohnt. Vor etwa einem Jahr war ich in der Apotheke bei den Abdullas. Ich war allein dort. Ich ging in die Apotheke hinein und da kam der Herr Abdulla von hinten vor. Ich fragte ihn, ob ich etwas S\u00fcsses bekommen kann und er gab mir zwei oder drei Bonbons. Der Mann sagte zu mir: \u201eIhr bekommt eine hohe Belohnung, wenn alles vorbei ist.\u201c Dann kam die Frau Abdulla auch vor und in ihrem Beisein, sagte Herr Abdulla zu mir, das ich 2000 DM bekommen sollte. Ich sagte dazu nichts, weil andere Leute die Apotheke betraten. Ich verlie\u00df die Apotheke.<\/p>\n<p>Frage: War das das einzigste Mal, dass Herr Abdulla das zu Dir gesagt hat bzw. war es das erste Mal?<\/p>\n<p>Antwort: Nein, Herr Abdulla hat mir das vorher auch schon gesagt und auch immer wieder. So etw 2 \u2013 3 Mal. Aber an das eine Mal kann ich mich noch genau erinnern.<\/p>\n<p>Frage: Sind Dir auch noch andere Leute bekannt, denen das gesagt wurde?<\/p>\n<p>Antwort: Ja, er hat das auch dem David Schl\u00e4ger und der Annette L\u00f6\u00dfburg gesagt. Die haben mir das erz\u00e4hlt.<\/p>\n<p>Frage: Kannst Du in die Skizze vom Bad einzeichnen, wo Du im Bad gelegen hast?<\/p>\n<p>Antwort: Ja, das kann ich. Ich bezeichne den Liegeplatz mit x 1 und f\u00fcge die Skizze meiner Vernehmung bei.<\/p>\n<p>Frage: Warum hast Du das mit der Belohnung nicht in Deiner ersten Vernehmung schon angegeben?<\/p>\n<p>Antwort: Ich war ziemlich aufgeregt und da habe ich es vergessen. Mehr kann ich im Moment nicht sagen.<\/p>\n<p>\u201eDann steht es\u201c, sagte uns Francesca, \u201edass die Vernehmung wurde um 14:35 Uhr abgeschlossen. Unten stehen die Unterschriften von Rene May, von seinem Vater und von der Beamtin, die f\u00fcr die Leitung der Vernehmung verantwortlich war.\u201c<\/p>\n<p>Dann f\u00fcgte sie hinzu, \u201eAuch wenn der Junge bezahlt wurde, wie er es sagte, glaube ich immer noch, dass er in seiner ersten Vernehmung vor der Richterin in Dresden die Wahrheit \u00fcber Josephs Tod sagte, und nicht in der sp\u00e4teren Vernehmung von der Polizei. Ob die Eltern eine grobe Fehleinsch\u00e4tzung gemacht und ihm bezahlt haben, oder nicht, bleibt die Wahrheit die Wahrheit\u201c.<\/p>\n<p>Mit freundlichen Gr\u00fc\u00dfen<\/p>\n<p>Robert John Bennett<\/p>\n<p>Mauerkircherstrasse 68<\/p>\n<p>81925 Germany<\/p>\n<p>Telephone: +49.89.981.0208<\/p>\n<p>E-Mail: rjbennett@post.harvard.edu<\/p>\n<p>E-Mail an Herrn und Frau Dr. Kantelberg-Abdulla: majoskantelberg@t-online.de<\/p>\n","protected":false},"excerpt":{"rendered":"<p>Letter from Munich &#8211; the Joseph Affair &#8211; 66 EINE DEUTSCHE FASSUNG STEHT WEITER UNTEN. 12 April 2002 Dear Mr. Graf, dear friends, This week Francesca began to read out another transcript of an interrogation of Rene May by the Dresden police, a transcript that she had also received from Joseph\u2019s parents, the Kantelberg-Abdullahs. According [&hellip;]<\/p>\n","protected":false},"author":167,"featured_media":0,"parent":0,"menu_order":0,"comment_status":"closed","ping_status":"closed","template":"","meta":{"footnotes":""},"class_list":["post-231","page","type-page","status-publish","hentry"],"_links":{"self":[{"href":"https:\/\/archive.blogs.harvard.edu\/munichletters\/wp-json\/wp\/v2\/pages\/231","targetHints":{"allow":["GET"]}}],"collection":[{"href":"https:\/\/archive.blogs.harvard.edu\/munichletters\/wp-json\/wp\/v2\/pages"}],"about":[{"href":"https:\/\/archive.blogs.harvard.edu\/munichletters\/wp-json\/wp\/v2\/types\/page"}],"author":[{"embeddable":true,"href":"https:\/\/archive.blogs.harvard.edu\/munichletters\/wp-json\/wp\/v2\/users\/167"}],"replies":[{"embeddable":true,"href":"https:\/\/archive.blogs.harvard.edu\/munichletters\/wp-json\/wp\/v2\/comments?post=231"}],"version-history":[{"count":0,"href":"https:\/\/archive.blogs.harvard.edu\/munichletters\/wp-json\/wp\/v2\/pages\/231\/revisions"}],"wp:attachment":[{"href":"https:\/\/archive.blogs.harvard.edu\/munichletters\/wp-json\/wp\/v2\/media?parent=231"}],"curies":[{"name":"wp","href":"https:\/\/api.w.org\/{rel}","templated":true}]}}