{"id":220,"date":"2006-06-06T08:36:26","date_gmt":"2006-06-06T12:36:26","guid":{"rendered":"http:\/\/blogs.law.harvard.edu\/munichletters\/letter-from-munich-055\/"},"modified":"2006-06-06T08:36:26","modified_gmt":"2006-06-06T12:36:26","slug":"letter-from-munich-055","status":"publish","type":"page","link":"https:\/\/archive.blogs.harvard.edu\/munichletters\/letter-from-munich-055\/","title":{"rendered":"Letter from Munich &#8211; 055"},"content":{"rendered":"<p><strong>Letter from Munich &#8211; the Joseph Affair &#8211; 55<\/strong><\/p>\n<p>EINE DEUTSCHE FASSUNG STEHT WEITER UNTEN.<\/p>\n<p>25 January 2002 <\/p>\n<p>Dear Mr. Graf, dear friends,<\/p>\n<p>Continuation of the letter from last week:<\/p>\n<p>Francesca went on reading Rene May\u2019s sworn statement: \u201c\u2019In response to Frau Kantelberg\u2019s question about where the kindergarten group was and how many kindergarten teachers were there: They were in front, where the baby pool is. Where Thalheims is. There were three kindergarten teachers there.<\/p>\n<p>\u201c\u2019In reply to Frau Kantelberg\u2019s question about whether this kindergarten group stayed there or went away: They went away when they saw how Joseph was being worked over.<\/p>\n<p>\u201c\u2019In answer to Frau Kantelberg\u2019s question about whether they really saw that Joseph was being held by force and tortured: Yes, they saw that Joseph was being held by force, also that he was forced to drink something. Also that he was crying loud, also that they were working him over with the stun gun.<\/p>\n<p>\u201c\u2019In response to Frau Kantelberg\u2019s question about whether or not the kindergarten teachers had tried to help Joseph: \u201cNo, they didn\u2019t help him; they went with the group of children into the shallow water; they went away.<\/p>\n<p>\u201c\u2019In reply to Frau Kantelberg\u2019s question about whether I left the place where I was lying so I could have a better view of what was going on: I went to the guard room so I could see everything better. I stood at the corner of the swimming pool building; I mean, near the door to the pool in the building. From there I could see how Joseph was brought to the deeper pool by Maik Hauke and Sandro Richter. And, as I said in my first statement, how they threw Joseph into the deep water and jumped up and down on him.\u2019\u201d<\/p>\n<p>Continued next week.<\/p>\n<p>As always, I have to say that an old man like me just doesn\u2019t know what to make of all this. It seems that a child was murdered, and the murderers are free. And not only that, but they were never brought to trial. How can something like that happen in Germany? I just don\u2019t understand it.<\/p>\n<p>Sincerely yours,<\/p>\n<p>Robert John Bennett<\/p>\n<p>Mauerkircherstrasse 68<\/p>\n<p>81925 Germany<\/p>\n<p>Telephone: +49.89.981.0208<\/p>\n<p>E-Mail: rjbennett@post.harvard.edu<\/p>\n<p>E-Mail Saad and Renate Kantelberg-Abdulla: majoskantelberg@t-online.de<\/p>\n<p>&#8212;&#8212;&#8212;&#8212;&#8212;&#8212;&#8212;&#8212;&#8212;&#8212;&#8212;&#8212;&#8212;&#8212;&#8212;&#8212;&#8212;&#8212;&#8212;&#8212;&#8212;&#8212;&#8212;&#8212;&#8212;&#8212;&#8212;&#8212;&#8212;&#8212;&#8212;&#8212;&#8212;&#8212;-<\/p>\n<p>Since many recipients of this letter may read German more easily than they read English, the following is the author\u2019s own translation of the above letter. Please note that word-processing programs outside of German-speaking countries may not display all of the letters of the German alphabet correctly.<\/p>\n<p>Bitte vergessen Sie nicht, dass der Autor dieses Briefes Autodidakt ist, was die deutsche Sprache betrifft, und er wei\u00df, dass, wenn es um eine \u00dcbersetzung aus der deutschen Sprache ins Englische geht, viele Fehler hervortreten m\u00fcssen. Er hofft aber, man werde diese Fehler \u00fcbersehen, um hinter den Fehlern das sehen zu k\u00f6nnen, was in diesem Schreiben und in dieser Aff\u00e4re von zentraler Bedeutung ist.<\/p>\n<p>M\u00fcnchen, den 25. Januar 2002<\/p>\n<p>Sehr geehrter Herr Graf, sehr geehrte Freunde,<\/p>\n<p>Fortsetzung von der letzten Woche: <\/p>\n<p>Francesca las Rene Mays eidesstattliche Erkl\u00e4rung vor: \u201e,Auf de Frage von Frau Kantelberg, wo die Kindergartengruppe gelagert h\u00e4tte und wie viele Kinderg\u00e4rtnerinnen da gewesen w\u00e4ren, antworte ich: \u201eSie lagerten vorne, wo das Babybecken ist. Dort wo Thalheims ist. Es waren drei Kinderg\u00e4rtnerinnen da.\u201c<\/p>\n<p>Auf die Frage von Frau Kantelberg, ob diese Kindergartengruppen dageblieben sind oder weggegangen sind, antworte ich: \u201eSie sind wegegangen, als sie sahen das Joseph bearbeittet wurde\u201c.<\/p>\n<p>Auf die Frage von Frau Kantelberg, haben sie also wirklich gesehen, dass Joseph mit Gewalt festgehalten wurde und gequ\u00e4lt wurde, antworte ich: \u201eJa, sie haben gesehen, dass Joseph mit Gewalt festgehalten wurde, auch dass er mit Gewalt gezwungen wurde die Fl\u00fcssigkeit zu trinken. Auch dass er laut weinte, auch dass sie ihn mit dem Elektroschocker bearbeitet haben\u201c.<\/p>\n<p>Auf die Frage von Frau Kantelberg, ob die Kinderg\u00e4rtnerinnen nicht versucht h\u00e4tten Joseph zu helfen, antworte ich: \u201eNein, sie halfen ihm nicht, sie sind mit der Kindergartengruppe in das flache Wasser gegangen, also sind sie weggegangen\u201c.<\/p>\n<p>Auf die Frage von Frau Kantelberg, ob die Kinderg\u00e4rtnerinnen mit ihren Kindern nicht sofort aus dem Schwimmbad rausgegangen w\u00e4ren, antworte ich: \u201eNein, die Kinderg\u00e4rtnerinnen sind zusammen mit den Kindern in das flache Becken gegangen\u201c.<\/p>\n<p>Auf die Frage von Frau Kantelberg, ob ich mich von meinem Lagerplatz entfernt h\u00e4tte, um den ganzen Vorgang besser zu beobachten, antworte ich: \u201eIch bin um das Ganze besser beobachten zu k\u00f6nnen, zum Kontrollraum gegangen. Ich stand dann an der Ecke des Hallenbades, das hei\u00dft in der N\u00e4he der T\u00fcr zum Becken im Hallenbad. Von dort aus konnte ich beobachten, wie Joseph von Maik Hauke und Sandro Richter zum tiefen Becken gebracht wurde. Und wie sie Joseph dann, wie ich schon in meiner ersten Aussage berichtet habe, ins tiefe Wasser warfen und auf ihm herumhoppsten\u201c\u2019\u201c.<\/p>\n<p>Fortsetzung n\u00e4chste Woche. <\/p>\n<p>Wie \u00fcblich muss ich sagen, dass ein alter Mann, wie ich es bin, einfach nicht viel mit alles dieses anfangen kann. Es scheint, Leute einen Mord an einem Kind begangen haben, aber die M\u00f6rder sind frei. Dar\u00fcber hinaus wurde es ihnen gar kein Prozess gemacht. Wie kann so etwas in Deutschland heutzutage passieren? Das verstehe ich einfach nicht. Ich w\u00fcnsche mir aber, es w\u00e4re m\u00f6glich, dass ein Prozess in Amerika stattfinden k\u00f6nnte, das all dies erkl\u00e4ren w\u00fcrde.<\/p>\n<p>Mit freundlichen Gr\u00fc\u00dfen<\/p>\n<p>Robert John Bennett<\/p>\n<p>Mauerkircherstrasse 68<\/p>\n<p>81925 Germany<\/p>\n<p>Telephone: +49.89.981.0208<\/p>\n<p>E-Mail: rjbennett@post.harvard.edu<\/p>\n<p>E-Mail an Herrn und Frau Dr. Kantelberg-Abdulla: majoskantelberg@t-online.de<\/p>\n<p>========================================================<\/p>\n","protected":false},"excerpt":{"rendered":"<p>Letter from Munich &#8211; the Joseph Affair &#8211; 55 EINE DEUTSCHE FASSUNG STEHT WEITER UNTEN. 25 January 2002 Dear Mr. Graf, dear friends, Continuation of the letter from last week: Francesca went on reading Rene May\u2019s sworn statement: \u201c\u2019In response to Frau Kantelberg\u2019s question about where the kindergarten group was and how many kindergarten teachers [&hellip;]<\/p>\n","protected":false},"author":167,"featured_media":0,"parent":0,"menu_order":0,"comment_status":"closed","ping_status":"closed","template":"","meta":{"footnotes":""},"class_list":["post-220","page","type-page","status-publish","hentry"],"_links":{"self":[{"href":"https:\/\/archive.blogs.harvard.edu\/munichletters\/wp-json\/wp\/v2\/pages\/220","targetHints":{"allow":["GET"]}}],"collection":[{"href":"https:\/\/archive.blogs.harvard.edu\/munichletters\/wp-json\/wp\/v2\/pages"}],"about":[{"href":"https:\/\/archive.blogs.harvard.edu\/munichletters\/wp-json\/wp\/v2\/types\/page"}],"author":[{"embeddable":true,"href":"https:\/\/archive.blogs.harvard.edu\/munichletters\/wp-json\/wp\/v2\/users\/167"}],"replies":[{"embeddable":true,"href":"https:\/\/archive.blogs.harvard.edu\/munichletters\/wp-json\/wp\/v2\/comments?post=220"}],"version-history":[{"count":0,"href":"https:\/\/archive.blogs.harvard.edu\/munichletters\/wp-json\/wp\/v2\/pages\/220\/revisions"}],"wp:attachment":[{"href":"https:\/\/archive.blogs.harvard.edu\/munichletters\/wp-json\/wp\/v2\/media?parent=220"}],"curies":[{"name":"wp","href":"https:\/\/api.w.org\/{rel}","templated":true}]}}