{"id":216,"date":"2006-06-06T08:30:35","date_gmt":"2006-06-06T12:30:35","guid":{"rendered":"http:\/\/blogs.law.harvard.edu\/munichletters\/letter-from-munich-051\/"},"modified":"2006-06-06T08:30:35","modified_gmt":"2006-06-06T12:30:35","slug":"letter-from-munich-051","status":"publish","type":"page","link":"https:\/\/archive.blogs.harvard.edu\/munichletters\/letter-from-munich-051\/","title":{"rendered":"Letter from Munich &#8211; 051"},"content":{"rendered":"<p><strong>Letter from Munich &#8211; the Joseph Affair &#8211; 51<\/strong><\/p>\n<p>EINE DEUTSCHE FASSUNG STEHT WEITER UNTEN.<\/p>\n<p>28 December 2001 <\/p>\n<p>Dear Mr. Graf, dear friends,<\/p>\n<p>Continuation of last week\u2019s letter:<\/p>\n<p>\u201cThis document begins with the usual formula,\u201d Francesca was saying. \u201cI\u2019m going to read it out and shorten it a little. It may be useful to read these words, because they offer some insight into how seriously the youthful witness must have taken his statement: \u2018Sebnitz, 6 July 2000. I, Rene May, declare that I understand the legal meaning of a Statement under Oath; I understand that a false sworn statement is a punishable offense; I understand that the following sworn statement is to be considered evidence in court.\u2019<\/p>\n<p>\u201cThe statement begins: \u2018In order to amplify my statement of 29 Maruch 2000, I would like to respond to Frau Renate Kantelberg\u2019s inquiries by adding the following:<\/p>\n<p>\u2018As to her question about whether I remember if a group of children from a kindergarten had settled themselves in front of Thalheim\u2019s snack stand, I can say, yes, there were two groups of kindergarten children, but I don\u2019t know which kindergarten they were from.<\/p>\n<p>\u2018As to Frau Kantelberg\u2019s question as to whether I noticed \u2013 as Diana and Joseph arrived at the Dr. Petzold Swimming Pool around 2:30 PM \u2013 that a group of young adult right-wingers suddenly appeared, I can say, yes, that\u2019s right, a group of them did suddenly show up, because my young brother Sven pointed them out to me. There were about thirty or forty of them, from around twenty to twenty-eight years old, with combat boots and leather jackets, like the ones you can buy from the Czechs \u2013 and they had shaved heads.\u2019\u201d<\/p>\n<p>Francesca paused a moment. \u201cMany people who believe in the theory that Joseph\u2019s murder was an accident have said that it would be impossible for a large group of right-wing extremist \u2013 or, more precisely, neo-Nazis \u2013 to enter the grounds of the swimming pool with causing a stir. Rene May\u2019s brother, though, had to draw Rene\u2019s attention to them. If these neo-Nazis had entered the swimming pool grounds, where everyone could see them, why did Rene\u2019s brother have to draw his attention to them? Buf if these thirty or forty neo-Nazis were outside the swimming pool grounds, then Rene would not necessarily have noticed them right away. He could have needed his brother to point them out. The young Rene speaks later of fifteen right-wingers, who were standing in front of the pool grounds, and no thought to ask if this was a different group or a part of the thirty or forty he just mentioned. In any case, it\u2019s clear to me that there could have been a large group of neo-Nazis near the swimming pool, and they could have been visible without their actually entering the pool grounds and causing a stir.\u201d<\/p>\n<p>A woman who was there looked skeptical, but said nothing.<\/p>\n<p>Francesca went on reading Rene May\u2019s sworn statement: \u201c\u2019I saw with my own eyes that there were also about fifteen right wingers with combat boots and shaved heads standing in front of the Dr. Petzold Swimming Pool.\u2019\u201d<\/p>\n<p>Continued next week.<\/p>\n<p>Sincerely yours,<\/p>\n<p>Robert John Bennett<\/p>\n<p>Mauerkircherstrasse 68<\/p>\n<p>81925 Germany<\/p>\n<p>Telephone: +49.89.981.0208<\/p>\n<p>E-Mail: rjbennett@post.harvard.edu<\/p>\n<p>E-Mail Saad and Renate Kantelberg-Abdulla: majoskantelberg@t-online.de<\/p>\n<p>&#8212;&#8212;&#8212;&#8212;&#8212;&#8212;&#8212;&#8212;&#8212;&#8212;&#8212;&#8212;&#8212;&#8212;&#8212;&#8212;&#8212;&#8212;&#8212;&#8212;&#8212;&#8212;&#8212;&#8212;&#8212;&#8212;&#8212;&#8212;&#8212;&#8212;&#8212;&#8212;&#8212;&#8212;-<\/p>\n<p>Since many recipients of this letter may read German more easily than they read English, the following is the author\u2019s own translation of the above letter. Please note that word-processing programs outside of German-speaking countries may not display all of the letters of the German alphabet correctly.<\/p>\n<p>Bitte vergessen Sie nicht, dass der Autor dieses Briefes Autodidakt ist, was die deutsche Sprache betrifft, und er wei\u00df, dass, wenn es um eine \u00dcbersetzung aus der deutschen Sprache ins Englische geht, viele Fehler hervortreten m\u00fcssen. Er hofft aber, man werde diese Fehler \u00fcbersehen, um hinter den Fehlern das sehen zu k\u00f6nnen, was in diesem Schreiben und in dieser Aff\u00e4re von zentraler Bedeutung ist.<\/p>\n<p>M\u00fcnchen, den 28. December 2001<\/p>\n<p>Sehr geehrter Herr Graf, sehr geehrte Freunde,<\/p>\n<p>Fortsetzung des Briefes von der letzten Woche:<\/p>\n<p>\u201eDiese Dokument beginnt mit den gew\u00f6hnlichen Worten,\u201c sagte Francesca. \u201eIch werde die ein bisschen abk\u00fcrzen. Es ist aber vielleicht hilfreich, sie zu zitieren, weil wir dann wissen k\u00f6nnen, wie ernst der junge Zeuge die Aussage nehmen musste: \u201aSebnitz. 6. Juli 2000. Mir, Rene May, sind die rechtliche Bedeutung einer eidesstattlichen Versicherung, insbesondere die strafrechtlichen Folgen einer falschen eidesstattlichen Versicherung sowie die Tatsache bekannt, dass meine nachfolgende eidesstattliche Versicherung zur Vorlage beim Gericht bestimmt ist.\u2019<\/p>\n<p>Die Aussage beginnt: \u201aErg\u00e4nzend zu meiner Aussage vom 29.03.2000 m\u00f6chte ich auf die Nachfrage von Frau Renate Kantelberg noch folgendes erg\u00e4nzen.<\/p>\n<p>Auf die Frage ob ich mich erinnere, ob vorne bei Thalheims eine Kindergartengruppe lagerte, kann ich sagen, ja, es lagerten dort zwei Kindergartengruppen, ich wei\u00df aber nicht mehr von welchem Kindergarten.<\/p>\n<p>Auf die Frage von Frau Kantelberg, ob mir aufgefallen w\u00e4re, als Diana und Joseph gegen circa 14.30 Uhr im Dr. Petzold Bad eintrafen, ob pl\u00f6tzlich eine Gruppe von Erwachsenen rechten Jugendlichen erschienen w\u00e4re, kann ich sicher sagen, ja, dass stimmt, es erschien pl\u00f6tzlich eine gr\u00f6\u00dfere Gruppe von Rechten, da mein kleiner Bruder Sven mich selbst darauf aufmerksam machte. Es waren ungef\u00e4hr 30 bis 40 Mann von ungef\u00e4hr 20 bis 28 Jahren mit Springerstiefeln und mit B-Jacken (Bomber jacken), das sind Jacken, die bei den Tschechen gibt, und mit Glatze\u2019\u201c.<\/p>\n<p>Francesca hielt einen Augenblich inne. \u201eViele, die die Theorie unterst\u00fctzen, dass Josephs Mord ein Unfall war, haben gesagt, es sei unm\u00f6glich, dass so eine gro\u00dfe Gruppe von Rechten \u2013 oder genauer gesagt, Neonazis \u2013 auf das Badegel\u00e4nde eintreten k\u00f6nnte, ohne Aufsehen zu erregen. Rene Mays Bruder aber musste Rene auf die Rechten aufmerksam machen. Wenn diese Neonazis auf das Badegel\u00e4nde getreten w\u00e4ren, wo alle h\u00e4tten sie sehen k\u00f6nnen, warum musste Renes Bruder ihn darauf aufmerksam machen? Wenn diese Gruppe von 30 bis 40 Neonazis aber au\u00dferhalb vom Badegel\u00e4nde w\u00e4re, dann muss es nicht unbedingt stimmen, dass Rene sie sofort bemerkt h\u00e4tte. Es h\u00e4tte n\u00f6tig sein k\u00f6nnen, dass sein Bruder ihn darauf aufmerksam macht. Der Junge, Rene, spricht sp\u00e4ter von f\u00fcnfzehn Rechten, die vor dem Bad standen, und niemand hat daran gedacht, zu fragen, ob das eine andere Gruppe war, oder ein Teil von dieser Gruppe von 30 oder 40. Auf jeden Fall ist es mir klar, dass es eine gro\u00dfe Gruppe von Neonazis in der N\u00e4he des Bads h\u00e4tte geben k\u00f6nnen und gesehen werden k\u00f6nnen, ohne dass sie auf das Badegel\u00e4nde treten und Aufsehen erregen\u201c.<\/p>\n<p>Eine Frau, die dabei war, wirkte etwas skeptisch, aber sie sagte nichts.<\/p>\n<p>Francesca fuhr fort, Rene Mays eidesstattliche Versicherung vorzulesen: \u201e,Ich habe mit eigenen Augen gesehen, dass vor dem Dr.-Petzold-Bad auch rund f\u00fcnfzehn Rechte mit Springerstiefeln und mit Glatze standen.\u2019\u201c<\/p>\n<p>Fortsetzung n\u00e4chste Woche.<\/p>\n<p>Mit freundlichen Gr\u00fc\u00dfen<\/p>\n<p>Robert John Bennett<\/p>\n<p>Mauerkircherstrasse 68<\/p>\n<p>81925 Germany<\/p>\n<p>Telephone: +49.89.981.0208<\/p>\n<p>E-Mail: rjbennett@post.harvard.edu<\/p>\n<p>E-Mail an Herrn und Frau Dr. Kantelberg-Abdulla: majoskantelberg@t-online.de<\/p>\n<p>========================================================<\/p>\n","protected":false},"excerpt":{"rendered":"<p>Letter from Munich &#8211; the Joseph Affair &#8211; 51 EINE DEUTSCHE FASSUNG STEHT WEITER UNTEN. 28 December 2001 Dear Mr. Graf, dear friends, Continuation of last week\u2019s letter: \u201cThis document begins with the usual formula,\u201d Francesca was saying. \u201cI\u2019m going to read it out and shorten it a little. It may be useful to read [&hellip;]<\/p>\n","protected":false},"author":167,"featured_media":0,"parent":0,"menu_order":0,"comment_status":"closed","ping_status":"closed","template":"","meta":{"footnotes":""},"class_list":["post-216","page","type-page","status-publish","hentry"],"_links":{"self":[{"href":"https:\/\/archive.blogs.harvard.edu\/munichletters\/wp-json\/wp\/v2\/pages\/216","targetHints":{"allow":["GET"]}}],"collection":[{"href":"https:\/\/archive.blogs.harvard.edu\/munichletters\/wp-json\/wp\/v2\/pages"}],"about":[{"href":"https:\/\/archive.blogs.harvard.edu\/munichletters\/wp-json\/wp\/v2\/types\/page"}],"author":[{"embeddable":true,"href":"https:\/\/archive.blogs.harvard.edu\/munichletters\/wp-json\/wp\/v2\/users\/167"}],"replies":[{"embeddable":true,"href":"https:\/\/archive.blogs.harvard.edu\/munichletters\/wp-json\/wp\/v2\/comments?post=216"}],"version-history":[{"count":0,"href":"https:\/\/archive.blogs.harvard.edu\/munichletters\/wp-json\/wp\/v2\/pages\/216\/revisions"}],"wp:attachment":[{"href":"https:\/\/archive.blogs.harvard.edu\/munichletters\/wp-json\/wp\/v2\/media?parent=216"}],"curies":[{"name":"wp","href":"https:\/\/api.w.org\/{rel}","templated":true}]}}