{"id":191,"date":"2006-05-23T08:50:33","date_gmt":"2006-05-23T12:50:33","guid":{"rendered":"http:\/\/blogs.law.harvard.edu\/munichletters\/letter-from-munich-030\/"},"modified":"2006-05-23T08:50:33","modified_gmt":"2006-05-23T12:50:33","slug":"letter-from-munich-030","status":"publish","type":"page","link":"https:\/\/archive.blogs.harvard.edu\/munichletters\/letter-from-munich-030\/","title":{"rendered":"Letter from Munich &#8211; 030"},"content":{"rendered":"<p><strong>Letter from Munich \u2013 the Joseph Affair &#8211; 30<\/strong><\/p>\n<p>EINE DEUTSCHE FASSUNG STEHT WEITER UNTEN.<\/p>\n<p>3 August 2001 <\/p>\n<p>Dear Mr. Graf, dear friends,<\/p>\n<p>A continuation of the letter of last week:<\/p>\n<p>The car that the Kantelberg-Abdullas were in set off for Bavaria, preceded and followed by two similar vehicles, one in front, the other behind them. On the way to F\u00fcssen, where the cloister was located, an event occurred that may be relatively minor, but one to which the parents appear to attach particular significance. Mr. Kantelberg-Abdulla, perhaps after reacting in a way characteristic of men from an Arab culture in such a situation, was asked by one of the men escorting the family if he would like a sedative. He declined, however, and was then asked if he would care for a cup of coffee, which he also indicated he did not want. The car nevertheless stopped at a place where coffee could be purchased, and one of the escorts went inside. He returned with a cup and offered it to Mr. Kantelberg-Abdulla, who under the circumstances may have thought it unwise to refuse. A few minutes after drinking the coffee, the couple reported, Dr. Abdulla was overcome with such a sense of torpor that he was unable to sit upright in the car without leaning on his wife for support. He asserts that all he can remember of this part of their journey was the touch of his wife\u2019s hand against his face.<\/p>\n<p>When the family reached the cloister they were given a chance to rest. Some time later, they have said, they were told that they would be given enough money to leave the country and start a new life anywhere in the world, supposedly as part of a sort of witness protection program, and in order to ensure their safety. The state of Saxony would also purchase their pharmacy and living quarters and assume all their debts. The response from Dr. Abdulla was that he wanted to have such an offer in writing and wanted to discuss the matter with his wife. She refused.<\/p>\n<p>During the time the family was enjoying this wonderful opportunity to rest and relax in seclusion, a somewhat different image of the affair began to emerge in German state television reports. First, one expert who was interviewed said that the witnesses the parents spoke with may have been so deeply influenced by the parents themselves, and their method of asking questions, that the witnesses gave the information that the parents were looking for. This particular theme was echoed repeatedly in the German media in the days that followed.<\/p>\n<p>The writer of this letter has in his possession photocopies of signed statements by certain of these witnesses the expert referred to. These statements support the contention that the child Joseph was set upon, abused, and drowned by a group of neo-Nazis. Moreover, this writer also has a copy of a letter from a firm of Dresden attorneys that the parents engaged, Burtin &amp; Sawitzky. The letter, addressed to the father states: \u201cI CAN IN PARTICULAR CONFIRM THAT THE WITNESSES AND THEIR STATEMENTS \u2013 AND THESE IN TURN ARE CONFIRMED BY SWORN AFFIDAVITS \u2013 ARE IN MY VIEW CREDIBLE. IN NO WAY DOES THE IMPRESSION EXIST THAT THE WITNESSES THAT HAVE BEEN EXAMINED HAVE IN ANY MANNER BEEN INFLUENCED BY YOU OR BY YOUR WIFE.\u201d<\/p>\n<p>Recently an acquaintance commented, \u201cBiedenkopf will have you destroyed, you know, because of your damned letters, just as he\u2019s had the Kantelberg-Abdullas destroyed.\u201d<\/p>\n<p>\u201cYes,\u201d I said. \u201cI know.\u201d<\/p>\n<p>This letter will be continued next week.<\/p>\n<p>Sincerely yours,<\/p>\n<p>Robert John Bennett<\/p>\n<p>Mauerkircherstrasse 68<\/p>\n<p>81925 Germany<\/p>\n<p>Telephone: +49.89.981.0208<\/p>\n<p>E-Mail: rjbennett@post.harvard.edu<\/p>\n<p>&#8212;&#8212;&#8212;&#8212;&#8212;&#8212;&#8212;&#8212;&#8212;&#8212;&#8212;&#8212;&#8212;&#8212;&#8212;&#8212;&#8212;&#8212;&#8212;&#8212;&#8212;&#8212;&#8212;-<\/p>\n<p>Since many recipients of this letter may read German more easily than they read English, the following is the author\u2019s own translation of the above letter. Please note that word-processing programs outside of German-speaking countries may not display all of the letters of the German alphabet correctly.<\/p>\n<p>Bitte vergessen Sie nicht, dass der Autor dieses Briefes Autodidakt ist, was die deutsche Sprache betrifft, und er wei\u00df, dass die folgende \u00dcbersetzung viele Fehler enth\u00e4lt. Er hofft aber, man werde diese Fehler \u00fcbersehen, um hinter den Fehlern das sehen zu k\u00f6nnen, was in diesem Schreiben und in dieser Aff\u00e4re von zentraler Bedeutung ist.<\/p>\n<p>M\u00fcnchen, den 3. August 2001<\/p>\n<p>Sehr geehrter Herr Graf, sehr geehrte Freunde,<\/p>\n<p>die Fortsetzung des Briefes von letzter Woche:<\/p>\n<p>Das Fahrzeug, in dem die Familie Kangelberg-Abdulla sa\u00df, fuhr nach Bayern los. Ein \u00e4hnliches Fahrzeug fuhr ihnen voran, ein anderes folgte. Auf dem Weg nach F\u00fcssen, wo das Kloster lag, geschahen es Dinge, die verh\u00e4ltnism\u00e4\u00dfig belanglos sein k\u00f6nnten, aber die die Eltern als besonders wichtig betrachten. Herr Kantelberg-Abdulla muss auf die Situation in der Art jedes Mannes reagiert haben, der aus einem arabischen Kultur stammt, weil einer der M\u00e4nner, die die Familie begleiteten, ihm die Frage stellte, ob er ein Beruhigunsmittel wollte. Er lehnte dankend ab, aber dann fragte ihn der Mann, ob er eine Tasse Kaffee trinken m\u00f6chte, die er auch ablehnte. Trotzdem hielt der Auto bei einem Imbisslokal, wo man Kaffee kaufen konnte, und einer der Begleiter ging in das Lokal hinein. Ein paar Minuten sp\u00e4ter kam er mit einer Tasse zur\u00fcck und bot sie Herrn Kantelberg-Abdulla an. Dieser dachte vielleicht, dass es unter den Umst\u00e4nden unklug w\u00e4re, noch einmal abzulehnen. Kurz danach, berichtete das Paar, \u00fcberw\u00e4ltigte den Dr. Kantelberg-Abdulla so ein gro\u00dfes Gef\u00fchl der Tr\u00e4gheit, dass er nicht aufrecht im Auto sitzen konnte, ohne dass er sich an seine Frau lehnte. Er behauptet jetzt, dass das Einzige, aus diesem Bestandteil der Reise, woran er sich erinnern kann, ist, dass er die Hand seiner Frau an seinem Gesicht sp\u00fcren konnte.<\/p>\n<p>Als die Familie in das Kloster ankam, konnte sie ein bisschen ausruhen. Sp\u00e4ter, berichten Herr und Frau Dr. Kantelberg-Abdulla, sagte man ihnen, dass sie genug Geld bekommen w\u00fcrden, damit sie Deutschland verlassen und mit einem neuen Leben wo immer auf der Welt beginnen k\u00f6nnten; angeblich war all dies ein Bestandteil einer Art Schutzprogramms f\u00fcr Zeugen der Anklage, damit die Familie in Sicherheit bleiben k\u00f6nnte. Der Staat Sachsen w\u00fcrde ihre Apotheke und Wohnung kaufen und f\u00fcr all ihre Schulden verantwortlich sein. Dr. Kantelberg-Abdulla erwiderte, dass er wollte, erstens, dass alles zu Papier gebracht werden soll, und zweitens, dass er eine Chance haben soll, alles mit seiner Frau zu besprechen. Diese aber lehntes das Angebot ab.<\/p>\n<p>W\u00e4hrend dieser Zeit, als die Familie diese wundervolle Gelegenheit hatte, sich abgesondert von der Welt auszuruhen und zu entspannen, begann ein etwas anderes Image der Aff\u00e4re im deutschen staatlichen Fernsehen zu erscheinen. Ein Gutachter, der interviewt wurde, sagte, dass die Zeugen, mit denen die Eltern redeten, sich von den Eltern und von ihrer Art Befragung h\u00e4tten beeinflussen lassen k\u00f6nnen, sodass diese Zeugen die Anworten gaben, nach denen die Eltern suchten. Insbesondere wurde dieses Thema in den darauf folgenden Tagen in den deutschen Medien immer wieder wiederholt.<\/p>\n<p>Der Autor dieses Briefes besitzt Aussage in Kopie, die von gewissen Zeugen unterzeichnet wurden, Zeugen, auf die der Gutachter sich bezog. Diese Aussage st\u00fctzen die Behauptung, dass das Kind Joseph von einer Gruppe von Neonazis angegriffen, gequ\u00e4lt und ertr\u00e4nkt wurde. Zudem hat der Autor auch einen Brief in Kopie, der von der Dresdner Anwaltskanzlei Burtin &amp; Sawitsky, die die Eltern eingestellt haben, verfasst wurde. In diesem Brief, der an Herrn Dr. Kantelberg-Abdulla gerichtet wird, steht es: \u201eINSBESONDERE KANN ICH BEST\u00c4TIGEN, DASS DIE ZEUGEN UND DEREN AUSSAGE; DIE DIE JEWEILS ERSTELLTEN EIDESSTATTLICHEN VERSICHERUNGEN BEST\u00c4TIGEN, ZUM EINEN NACH MEINER AUFFASSUNG GLAUBHAFT SIND UND DAR\u00dcBER HINAUS KEINESWEGS DER EINDRUCK BESTAND, ALS WENN DIE ANGEH\u00d6RTEN ZEUGEN IN IRGEND EINER WEISE VON IHNEN ODER IHRER GATTIN BEEINFLUSST WORDEN W\u00c4REN\u201c.<\/p>\n<p>Neulich bemerkte ein Bekannter, \u201eDu wei\u00dft nat\u00fcrlich, dass Biedenkopf wird dich ruinieren lassen, wegen deiner verdammten Briefe, genauso wie er die Familie Kantelberg-Abdulla ruinieren lie\u00df\u201c.<\/p>\n<p>\u201eJa\u201c, sagte ich. \u201eIch wei\u00df\u201c.<\/p>\n<p>Die Fortsetzung dieses Briefes folgt n\u00e4chste Woche.<\/p>\n<p>Mit freundlichen Gr\u00fc\u00dfen<\/p>\n<p>Robert John Bennett<\/p>\n<p>Mauerkircherstrasse 68<\/p>\n<p>81925 Germany<\/p>\n<p>Telephone: +49.89.981.0208<\/p>\n<p>E-Mail: rjbennett@post.harvard.edu<\/p>\n<p>========================================================<\/p>\n","protected":false},"excerpt":{"rendered":"<p>Letter from Munich \u2013 the Joseph Affair &#8211; 30 EINE DEUTSCHE FASSUNG STEHT WEITER UNTEN. 3 August 2001 Dear Mr. Graf, dear friends, A continuation of the letter of last week: The car that the Kantelberg-Abdullas were in set off for Bavaria, preceded and followed by two similar vehicles, one in front, the other behind [&hellip;]<\/p>\n","protected":false},"author":167,"featured_media":0,"parent":0,"menu_order":0,"comment_status":"closed","ping_status":"open","template":"","meta":{"footnotes":""},"class_list":["post-191","page","type-page","status-publish","hentry"],"_links":{"self":[{"href":"https:\/\/archive.blogs.harvard.edu\/munichletters\/wp-json\/wp\/v2\/pages\/191","targetHints":{"allow":["GET"]}}],"collection":[{"href":"https:\/\/archive.blogs.harvard.edu\/munichletters\/wp-json\/wp\/v2\/pages"}],"about":[{"href":"https:\/\/archive.blogs.harvard.edu\/munichletters\/wp-json\/wp\/v2\/types\/page"}],"author":[{"embeddable":true,"href":"https:\/\/archive.blogs.harvard.edu\/munichletters\/wp-json\/wp\/v2\/users\/167"}],"replies":[{"embeddable":true,"href":"https:\/\/archive.blogs.harvard.edu\/munichletters\/wp-json\/wp\/v2\/comments?post=191"}],"version-history":[{"count":0,"href":"https:\/\/archive.blogs.harvard.edu\/munichletters\/wp-json\/wp\/v2\/pages\/191\/revisions"}],"wp:attachment":[{"href":"https:\/\/archive.blogs.harvard.edu\/munichletters\/wp-json\/wp\/v2\/media?parent=191"}],"curies":[{"name":"wp","href":"https:\/\/api.w.org\/{rel}","templated":true}]}}